{"id":4004,"date":"2026-05-06T11:17:17","date_gmt":"2026-05-06T14:17:17","guid":{"rendered":"https:\/\/daf.crp.ufv.br\/smt\/?page_id=4004"},"modified":"2026-05-06T11:17:17","modified_gmt":"2026-05-06T14:17:17","slug":"contrato-n-o-053-2026","status":"publish","type":"page","link":"https:\/\/daf.crp.ufv.br\/smt\/?page_id=4004","title":{"rendered":"Contrato n.\u00ba 053\/2026"},"content":{"rendered":"\n<table id=\"tablepress-56\" class=\"tablepress tablepress-id-56\">\n<thead>\n<tr class=\"row-1\">\n\t<th class=\"column-1\"><strong>DOCUMENTO<\/strong><\/th><th class=\"column-2\"><strong>OBJETO<\/strong><\/th><th class=\"column-3\"><strong>VALOR ATUALIZADO EM R$<\/strong><\/th>\n<\/tr>\n<\/thead>\n<tbody class=\"row-striping row-hover\">\n<tr class=\"row-2\">\n\t<td class=\"column-1\"><a href=\"https:\/\/daf.crp.ufv.br\/smt\/wp-content\/uploads\/Contrato-no-053-2026-UFV-x-Algar-Telecom-SA-Publicacoes.pdf\" target=\"_blank\">Contrato n.\u00ba 053\/2026<\/a><\/td><td class=\"column-2\">Contrata\u00e7\u00e3o de solu\u00e7\u00e3o de tecnologia da informa\u00e7\u00e3o e comunica\u00e7\u00e3o de empresa especializada para a presta\u00e7\u00e3o de servi\u00e7os continuados de telefonia fixa comutada\/convencional na Universidade Federal de Vi\u00e7osa - Campus Rio Parana\u00edba.<\/td><td class=\"column-3\">8.508,00<\/td>\n<\/tr>\n<tr class=\"row-3\">\n\t<td class=\"column-1\"><a href=\"https:\/\/daf.crp.ufv.br\/smt\/wp-content\/uploads\/Termo-de-Referencia-Contrato-no-053-2026.pdf\" target=\"_blank\">Termo de Refer\u00eancia - Contrato n.\u00ba 053\/2026<\/a><\/td><td class=\"column-2\">Termo de Refer\u00eancia.<\/td><td class=\"column-3\"><\/td>\n<\/tr>\n<tr class=\"row-4\">\n\t<td class=\"column-1\"><a href=\"https:\/\/daf.crp.ufv.br\/smt\/wp-content\/uploads\/2026NE000362.pdf\" target=\"_blank\">2026NE000362<\/a><\/td><td class=\"column-2\">Nota de Empenho - Exerc\u00edcio 2026.<\/td><td class=\"column-3\">8.508,00<\/td>\n<\/tr>\n<\/tbody>\n<\/table>\n<!-- #tablepress-56 from cache -->\n","protected":false},"excerpt":{"rendered":"","protected":false},"author":6,"featured_media":0,"parent":2935,"menu_order":0,"comment_status":"closed","ping_status":"closed","template":"","meta":{"footnotes":""},"class_list":["post-4004","page","type-page","status-publish","hentry"],"_links":{"self":[{"href":"https:\/\/daf.crp.ufv.br\/smt\/index.php?rest_route=\/wp\/v2\/pages\/4004","targetHints":{"allow":["GET"]}}],"collection":[{"href":"https:\/\/daf.crp.ufv.br\/smt\/index.php?rest_route=\/wp\/v2\/pages"}],"about":[{"href":"https:\/\/daf.crp.ufv.br\/smt\/index.php?rest_route=\/wp\/v2\/types\/page"}],"author":[{"embeddable":true,"href":"https:\/\/daf.crp.ufv.br\/smt\/index.php?rest_route=\/wp\/v2\/users\/6"}],"replies":[{"embeddable":true,"href":"https:\/\/daf.crp.ufv.br\/smt\/index.php?rest_route=%2Fwp%2Fv2%2Fcomments&post=4004"}],"version-history":[{"count":1,"href":"https:\/\/daf.crp.ufv.br\/smt\/index.php?rest_route=\/wp\/v2\/pages\/4004\/revisions"}],"predecessor-version":[{"id":4005,"href":"https:\/\/daf.crp.ufv.br\/smt\/index.php?rest_route=\/wp\/v2\/pages\/4004\/revisions\/4005"}],"up":[{"embeddable":true,"href":"https:\/\/daf.crp.ufv.br\/smt\/index.php?rest_route=\/wp\/v2\/pages\/2935"}],"wp:attachment":[{"href":"https:\/\/daf.crp.ufv.br\/smt\/index.php?rest_route=%2Fwp%2Fv2%2Fmedia&parent=4004"}],"curies":[{"name":"wp","href":"https:\/\/api.w.org\/{rel}","templated":true}]}}