{"id":3938,"date":"2026-03-16T10:10:38","date_gmt":"2026-03-16T13:10:38","guid":{"rendered":"https:\/\/daf.crp.ufv.br\/smt\/?page_id=3938"},"modified":"2026-04-14T15:37:50","modified_gmt":"2026-04-14T18:37:50","slug":"editais-2025","status":"publish","type":"page","link":"https:\/\/daf.crp.ufv.br\/smt\/?page_id=3938","title":{"rendered":"Editais 2025"},"content":{"rendered":"\n<table id=\"tablepress-48\" class=\"tablepress tablepress-id-48\">\n<thead>\n<tr class=\"row-1\">\n\t<th class=\"column-1\">PROCESSO<\/th><th class=\"column-2\">EDITAL<\/th><th class=\"column-3\">OBJETO<\/th><th class=\"column-4\">DATA\/HORA<\/th><th class=\"column-5\">STATUS<\/th><th class=\"column-6\">RESULTADO<\/th>\n<\/tr>\n<\/thead>\n<tbody class=\"row-striping row-hover\">\n<tr class=\"row-2\">\n\t<td class=\"column-1\"><a href=\"https:\/\/sei.ufv.br\/sei\/modulos\/pesquisa\/md_pesq_processo_exibir.php?iI3OtHvPArITY997V09rhsSkbDKbaYSycOHqqF2xsM0IaDkkEyJpus7kCPb435VNEAb16AAxmJKUdrsNWVIqQ5LXD92hFuK-ET4p7sqnrjAydGKfby38FOS4iX9qo91Q\">23114.918839\/2025-81<\/a><\/td><td class=\"column-2\"><a href=\"https:\/\/comprasnet.gov.br\/ConsultaLicitacoes\/download\/download_editais_detalhe.asp?coduasg=154051&amp;modprp=5&amp;numprp=901532025\">Preg\u00e3o tradicional 90153\/2025<\/a><\/td><td class=\"column-3\">Aquisi\u00e7\u00e3o de c\u00e2meras de vigil\u00e2ncia para o Servi\u00e7o de Tecnologia da Informa\u00e7\u00e3o da Universidade Federal de Vi\u00e7osa Campus Rio Parana\u00edba.<br \/>\n<br \/>\n <br \/>\n<br \/>\n <\/td><td class=\"column-4\">27\/11\/2025 \u00e0s 9h<\/td><td class=\"column-5\">ENCERRADO<\/td><td class=\"column-6\"><a href=\"https:\/\/sei.ufv.br\/sei\/modulos\/pesquisa\/md_pesq_documento_consulta_externa.php?9LibXMqGnN7gSpLFOOgUQFziRouBJ5VnVL5b7-UrE5Qsvzcik3lbWkHzW_2SKYAicKdr6I3I_ls68HmVHI2aiad1TeiarAgZlnGdKlXC7qr-u34IW6FnfQRhzmm7QLwP\">Termo de Homologa\u00e7\u00e3o 90153\/2025<\/a><\/td>\n<\/tr>\n<tr class=\"row-3\">\n\t<td class=\"column-1\"><a href=\"https:\/\/sei.ufv.br\/sei\/modulos\/pesquisa\/md_pesq_processo_exibir.php?iI3OtHvPArITY997V09rhsSkbDKbaYSycOHqqF2xsM0IaDkkEyJpus7kCPb435VNEAb16AAxmJKUdrsNWVIqQ6Hb6ekSJSldsomVnIZVLIGgmt2Lg0wi215IJhXYJz4P\">23114.918478\/2025-72<\/a><\/td><td class=\"column-2\"><a href=\"https:\/\/comprasnet.gov.br\/ConsultaLicitacoes\/download\/download_editais_detalhe.asp?coduasg=154051&amp;modprp=5&amp;numprp=901482025\">Preg\u00e3o tradicional 90148\/2025<\/a><\/td><td class=\"column-3\">Aquisi\u00e7\u00e3o de equipamentos permanentes e gases nobres para uso nos laborat\u00f3rios de ensino do Campus Rio Parana\u00edba da Universidade Federal de Vi\u00e7osa.<br \/>\n<br \/>\n <\/td><td class=\"column-4\">21\/11\/2025 \u00e0s 9h<\/td><td class=\"column-5\">ENCERRADO<\/td><td class=\"column-6\"><a href=\"https:\/\/sei.ufv.br\/sei\/modulos\/pesquisa\/md_pesq_documento_consulta_externa.php?9LibXMqGnN7gSpLFOOgUQFziRouBJ5VnVL5b7-UrE5Tit5Iwg3ZjJLymJgWZkLH-YQKnfRZKuxqde9rzlVLClh5nLRILmrNLQNghFxANX4qZZ0PTzJ5qvITgGeB5r3bF\">Termo de Homologa\u00e7\u00e3o 90148\/2025<\/a><\/td>\n<\/tr>\n<tr class=\"row-4\">\n\t<td class=\"column-1\"><a href=\"https:\/\/sei.ufv.br\/sei\/modulos\/pesquisa\/md_pesq_processo_exibir.php?iI3OtHvPArITY997V09rhsSkbDKbaYSycOHqqF2xsM0IaDkkEyJpus7kCPb435VNEAb16AAxmJKUdrsNWVIqQ5cbwifbJjeiLHi65v4oQSrCbvPV-Lg44gvekiZsR_50\">23114.907152\/2025-10<\/a><\/td><td class=\"column-2\"><a href=\"https:\/\/daf.crp.ufv.br\/smt\/wp-content\/uploads\/TR_154051-000033-2025.pdf\">Inexig. 101\/2025<\/a><\/td><td class=\"column-3\">Loca\u00e7\u00e3o de im\u00f3vel para funcionamento do Ambulat\u00f3rio de Aten\u00e7\u00e3o Nutricional<\/td><td class=\"column-4\">-<\/td><td class=\"column-5\">ENCERRADO<\/td><td class=\"column-6\"><a href=\"https:\/\/daf.crp.ufv.br\/smt\/wp-content\/uploads\/Portal-Nacional-de-Contratacoes-Publicas-1.pdf\">Portal Nacional de Contrata\u00e7\u00f5es P\u00fablicas<\/a><\/td>\n<\/tr>\n<tr class=\"row-5\">\n\t<td class=\"column-1\"><a href=\"https:\/\/sei.ufv.br\/sei\/modulos\/pesquisa\/md_pesq_processo_exibir.php?iI3OtHvPArITY997V09rhsSkbDKbaYSycOHqqF2xsM0IaDkkEyJpus7kCPb435VNEAb16AAxmJKUdrsNWVIqQ8hc8qF9XrQ_DnnPZxqIxGec1e3dUQwDx9KL_DZGE38h\">23114.914193\/2025-62<\/a><\/td><td class=\"column-2\"><a href=\"https:\/\/comprasnet.gov.br\/ConsultaLicitacoes\/download\/download_editais_detalhe.asp?coduasg=154051&amp;modprp=5&amp;numprp=901182025\">Preg\u00e3o tradicional 90118\/2025<\/a><\/td><td class=\"column-3\">Aquisi\u00e7\u00e3o de material de limpeza, expediente, papelaria e itens esportivos diversos para o Campus Rio Parana\u00edba da Universidade Federal de Vi\u00e7osa.<br \/>\n<br \/>\n <\/td><td class=\"column-4\">29\/10\/2025 \u00e0s 9h<\/td><td class=\"column-5\">ENCERRADO<\/td><td class=\"column-6\"><a href=\"https:\/\/sei.ufv.br\/sei\/modulos\/pesquisa\/md_pesq_documento_consulta_externa.php?9LibXMqGnN7gSpLFOOgUQFziRouBJ5VnVL5b7-UrE5Tz-3FbWyFQOSZQGs407yIZmig4S_tIv9iJx0pZRNhD7oDjYJXoj5h_GQDROZwaVUnho4HEpmDOO_LzTTIVEr4B\">Termo de Homologa\u00e7\u00e3o 90118\/2025<\/a><\/td>\n<\/tr>\n<tr class=\"row-6\">\n\t<td class=\"column-1\"><a href=\"https:\/\/sei.ufv.br\/sei\/modulos\/pesquisa\/md_pesq_processo_exibir.php?iI3OtHvPArITY997V09rhsSkbDKbaYSycOHqqF2xsM0IaDkkEyJpus7kCPb435VNEAb16AAxmJKUdrsNWVIqQ50vExCYVpkJLgbjfcUnT_Iz3CB2MkS8kU1H68hjQ87P\">23114.913675\/2025-03<\/a><\/td><td class=\"column-2\"><a href=\"https:\/\/comprasnet.gov.br\/ConsultaLicitacoes\/download\/download_editais_detalhe.asp?coduasg=154051&amp;modprp=5&amp;numprp=901062025\">Preg\u00e3o tradicional 90106\/2025<\/a><\/td><td class=\"column-3\">Aquisi\u00e7\u00e3o de equipamentos permanentes e de consum\u00edveis diversos de inform\u00e1tica para atender as demandas da Universidade Federal de Vi\u00e7osa Campus Rio Parana\u00edba.<\/td><td class=\"column-4\">20\/10\/2025 \u00e0s 9h<\/td><td class=\"column-5\">ENCERRADO<\/td><td class=\"column-6\"><a href=\"https:\/\/sei.ufv.br\/sei\/modulos\/pesquisa\/md_pesq_documento_consulta_externa.php?9LibXMqGnN7gSpLFOOgUQFziRouBJ5VnVL5b7-UrE5SDNEMr0WgLv9c4FniC_SvHzWc9KloODudnu65GwQkD3VZgjUMTf5PSSz1tgbpFxmLARKkkxdMDqkEkK0_0a98V\">Termo de Homologa\u00e7\u00e3o 90106\/2025<\/a><\/td>\n<\/tr>\n<tr class=\"row-7\">\n\t<td class=\"column-1\"><a href=\"https:\/\/sei.ufv.br\/sei\/modulos\/pesquisa\/md_pesq_processo_exibir.php?iI3OtHvPArITY997V09rhsSkbDKbaYSycOHqqF2xsM0IaDkkEyJpus7kCPb435VNEAb16AAxmJKUdrsNWVIqQ9RAi7FN31FKsw-5YbnZgkDCIpeRBYapmMSgUM5KJxzC\">23114.911677\/2025-50<\/a><\/td><td class=\"column-2\"><a href=\"https:\/\/daf.crp.ufv.br\/smt\/wp-content\/uploads\/TR154051_000043_2025-1_assinado.pdf\">Inexigibilidade de licita\u00e7\u00e3o n\u00ba 84\/2025<\/a><\/td><td class=\"column-3\">Aquisi\u00e7\u00e3o de pr\u00e9 coluna para HPLC<\/td><td class=\"column-4\">--<\/td><td class=\"column-5\">ENCERRADO<\/td><td class=\"column-6\"><a href=\"https:\/\/pncp.gov.br\/app\/editais\/25944455000196\/2025\/115\">Publica\u00e7\u00e3o PNCP<\/a><\/td>\n<\/tr>\n<tr class=\"row-8\">\n\t<td class=\"column-1\"><a href=\"https:\/\/sei.ufv.br\/sei\/modulos\/pesquisa\/md_pesq_processo_exibir.php?iI3OtHvPArITY997V09rhsSkbDKbaYSycOHqqF2xsM0IaDkkEyJpus7kCPb435VNEAb16AAxmJKUdrsNWVIqQ6XpLhqn2h3I507rLiaeTil54OyxwyYVHd-o6zxpMB3d\">23114.914218\/2025-28<\/a><\/td><td class=\"column-2\"><a href=\"https:\/\/comprasnet.gov.br\/ConsultaLicitacoes\/download\/download_editais_detalhe.asp?coduasg=154051&amp;modprp=5&amp;numprp=901032025\">Preg\u00e3o tradicional 90103\/2025<\/a><\/td><td class=\"column-3\">Aquisi\u00e7\u00e3o de reagentes, vidrarias e outros itens diversos de laborat\u00f3rio para o Campus Rio Parana\u00edba da Universidade Federal de Vi\u00e7osa, conforme condi\u00e7\u00f5es, quantidades e exig\u00eancias estabelecidas neste Edital e seus anexos.<\/td><td class=\"column-4\">29\/09\/2025 \u00e0s 9h<\/td><td class=\"column-5\">ENCERRADO<\/td><td class=\"column-6\"><a href=\"https:\/\/sei.ufv.br\/sei\/modulos\/pesquisa\/md_pesq_documento_consulta_externa.php?9LibXMqGnN7gSpLFOOgUQFziRouBJ5VnVL5b7-UrE5TR6CYrDnWPYjEG_k6FNV-fpGapefmGA6YW8VAlGw7DtkBoQmpWuh3LQWfmN5OkQR6BXQv0zLnEsyyKU-mpj_8V\">Termo de Homologa\u00e7\u00e3o 90103\/2025<\/a><\/td>\n<\/tr>\n<tr class=\"row-9\">\n\t<td class=\"column-1\"><a href=\"https:\/\/sei.ufv.br\/sei\/modulos\/pesquisa\/md_pesq_processo_exibir.php?iI3OtHvPArITY997V09rhsSkbDKbaYSycOHqqF2xsM0IaDkkEyJpus7kCPb435VNEAb16AAxmJKUdrsNWVIqQ6tKKqEWApDXmE136uakbtq267av-1qXdoPhaer1dlGR\">23114.913441\/2025-58<\/a><\/td><td class=\"column-2\"><a href=\"https:\/\/comprasnet.gov.br\/ConsultaLicitacoes\/download\/download_editais_detalhe.asp?coduasg=154051&amp;modprp=5&amp;numprp=900952025\">Preg\u00e3o tradicional 90095\/2025<\/a><\/td><td class=\"column-3\">Aquisi\u00e7\u00e3o de Material de Constru\u00e7\u00e3o, el\u00e9trico, hidr\u00e1ulico, ferramentas e insumos agr\u00edcolas e agropecu\u00e1rios diversos para atender as demandas da Universidade Federal de Vi\u00e7osa Campus Rio Parana\u00edba no exerc\u00edcio de 2025.<\/td><td class=\"column-4\">17\/09\/2025 \u00e0s 9h<\/td><td class=\"column-5\">ENCERRADO<\/td><td class=\"column-6\"><a href=\"https:\/\/sei.ufv.br\/sei\/modulos\/pesquisa\/md_pesq_documento_consulta_externa.php?9LibXMqGnN7gSpLFOOgUQFziRouBJ5VnVL5b7-UrE5SB4kHaZ-KWLSUXswudyf0AFPiveUpStWJVU0PGejJ0dc_UGF-tIbh58MigiHH81T96SBWxB5gOM0b6uQdpXNgU\">Termo de Homologa\u00e7\u00e3o 90095\/2025<\/a><\/td>\n<\/tr>\n<tr class=\"row-10\">\n\t<td class=\"column-1\"><a href=\"https:\/\/sei.ufv.br\/sei\/modulos\/pesquisa\/md_pesq_processo_exibir.php?iI3OtHvPArITY997V09rhsSkbDKbaYSycOHqqF2xsM0IaDkkEyJpus7kCPb435VNEAb16AAxmJKUdrsNWVIqQ5cbwifbJjeiLHi65v4oQSrCbvPV-Lg44gvekiZsR_50\">23114.907152\/2025-10<\/a><\/td><td class=\"column-2\"><a href=\"https:\/\/pncp.gov.br\/app\/editais\/25944455000196\/2025\/93\">CHAMADA P\u00daBLICA PARA CREDENCIAMENTO DE IM\u00d3VEL N\u00ba 003\/2025<\/a><\/td><td class=\"column-3\">Credenciamento para prospec\u00e7\u00e3o de mercado visando futura loca\u00e7\u00e3o de im\u00f3vel urbano na cidade de Rio Parana\u00edba, MG para funcionamento do Ambulat\u00f3rio de Aten\u00e7\u00e3o Nutricional do Campus Rio Parana\u00edba da Universidade Federal de Vi\u00e7osa.<\/td><td class=\"column-4\">Recebimento de propostas: 29\/08\/2025 \u00e0s 08:00 h a 11\/09\/2025 \u00e0s 18:00h, pelo e-mail: materialcrp@ufv.br<\/td><td class=\"column-5\">ENCERRADO<\/td><td class=\"column-6\"><a href=\"https:\/\/daf.crp.ufv.br\/smt\/wp-content\/uploads\/Relatorio-tecnico-de-analise-das-propostas.pdf\">Relat\u00f3rio t\u00e9cnico de an\u00e1lise das propostas<\/a><\/td>\n<\/tr>\n<tr class=\"row-11\">\n\t<td class=\"column-1\"><a href=\"https:\/\/sei.ufv.br\/sei\/modulos\/pesquisa\/md_pesq_processo_exibir.php?iI3OtHvPArITY997V09rhsSkbDKbaYSycOHqqF2xsM0IaDkkEyJpus7kCPb435VNEAb16AAxmJKUdrsNWVIqQzowFGVWDc0rorFYVz2t0BpLNgUTpOyeYVZsMhCqZ3nB\">23114.912626\/2025-45<\/a><\/td><td class=\"column-2\"><a href=\"https:\/\/comprasnet.gov.br\/ConsultaLicitacoes\/download\/download_editais_detalhe.asp?coduasg=154051&amp;modprp=5&amp;numprp=900842025\">Preg\u00e3o tradicional 90084\/2025<\/a><\/td><td class=\"column-3\">Aquisi\u00e7\u00e3o de equipamentos de laborat\u00f3rio para modernizar e equipar os laborat\u00f3rios de ensino da UFV Campus Rio Parana\u00edba.<\/td><td class=\"column-4\">22\/09\/2025 \u00e0s 9h<\/td><td class=\"column-5\">ENCERRADO<\/td><td class=\"column-6\"><a href=\"https:\/\/sei.ufv.br\/sei\/modulos\/pesquisa\/md_pesq_documento_consulta_externa.php?9LibXMqGnN7gSpLFOOgUQFziRouBJ5VnVL5b7-UrE5QG3ZnU4QtKijYX3C0mM4eOjLZf2hit9DMg-tIh2i7-GnuWpd3wcU5nhO1QAADwfUbypKmDaFIp9AX7AbhFBDiF\">Termo de Homologa\u00e7\u00e3o 90084\/2025<\/a><\/td>\n<\/tr>\n<tr class=\"row-12\">\n\t<td class=\"column-1\"><a href=\"https:\/\/sei.ufv.br\/sei\/modulos\/pesquisa\/md_pesq_processo_exibir.php?iI3OtHvPArITY997V09rhsSkbDKbaYSycOHqqF2xsM0IaDkkEyJpus7kCPb435VNEAb16AAxmJKUdrsNWVIqQ8fw9Uh-utZILVZWsZqS_7xj_y7O-4d1fzUY6YE3fGau\" target=\"_blank\">23114.911575\/2025-34<\/a><\/td><td class=\"column-2\"><a href=\"https:\/\/sei.ufv.br\/sei\/modulos\/pesquisa\/md_pesq_documento_consulta_externa.php?9LibXMqGnN7gSpLFOOgUQFziRouBJ5VnVL5b7-UrE5R-3DNB1NyHINvry6F5CZujleDczdb_vkQg1g8bw8ksjcHR1tMjkplqN5VOINeVt6bU6wPEehr9qiFZ8ti5c2mM\" target=\"_blank\">Inexigibilidade de Licita\u00e7\u00e3o n\u00ba 067\/2025<\/a><\/td><td class=\"column-3\">Aquisi\u00e7\u00e3o de esta\u00e7\u00e3o meteorol\u00f3gica para UFV Campus Rio Parana\u00edba<\/td><td class=\"column-4\">---<\/td><td class=\"column-5\">Encerrado<\/td><td class=\"column-6\"><a href=\"https:\/\/pncp.gov.br\/app\/editais\/25944455000196\/2025\/75\" target=\"_blank\">Publica\u00e7\u00e3o PNCP<\/a><\/td>\n<\/tr>\n<tr class=\"row-13\">\n\t<td class=\"column-1\"><a href=\"https:\/\/sei.ufv.br\/sei\/modulos\/pesquisa\/md_pesq_processo_exibir.php?iI3OtHvPArITY997V09rhsSkbDKbaYSycOHqqF2xsM0IaDkkEyJpus7kCPb435VNEAb16AAxmJKUdrsNWVIqQ9m3m9FkC1dXuG73BylvmABDI7n5cmJHUGdv_WmY5S-i\">23114.910710\/2025-24<\/a><\/td><td class=\"column-2\"><a href=\"https:\/\/comprasnet.gov.br\/ConsultaLicitacoes\/download\/download_editais_detalhe.asp?coduasg=154051&amp;modprp=5&amp;numprp=900672025\">Preg\u00e3o tradicional 90067\/2025<\/a><\/td><td class=\"column-3\">Contrata\u00e7\u00e3o de empresa especializada para presta\u00e7\u00e3o de servi\u00e7os cont\u00ednuos de fornecimento de refei\u00e7\u00f5es coletivas para o Restaurante Universit\u00e1rio do Campus Rio Parana\u00edba da Universidade Federal de Vi\u00e7osa, a serem executados, sem o regime de dedica\u00e7\u00e3o exclusiva de m\u00e3o de obra, conforme condi\u00e7\u00f5es, quantidades e exig\u00eancias estabelecidas neste Edital e seus anexos.<\/td><td class=\"column-4\">04\/08\/2025 \u00e0s 9h<\/td><td class=\"column-5\">ENCERRADO<\/td><td class=\"column-6\"><a href=\"https:\/\/daf.crp.ufv.br\/smt\/wp-content\/uploads\/Termo-de-Homologacao-90067-2025.pdf\">Termo de Homologa\u00e7\u00e3o 90067-2025<\/a><\/td>\n<\/tr>\n<tr class=\"row-14\">\n\t<td class=\"column-1\"><a href=\"https:\/\/sei.ufv.br\/sei\/modulos\/pesquisa\/md_pesq_processo_exibir.php?iI3OtHvPArITY997V09rhsSkbDKbaYSycOHqqF2xsM0IaDkkEyJpus7kCPb435VNEAb16AAxmJKUdrsNWVIqQ9COsr_dN_bZ60GQ5u50BEWmyIcsdhrGKBnUpqp0AZNa\">23114.905966\/2025-10<\/a><\/td><td class=\"column-2\"><a href=\"http:\/\/comprasnet.gov.br\/ConsultaLicitacoes\/download\/download_editais_detalhe.asp?coduasg=154051&amp;modprp=5&amp;numprp=900432025\">Preg\u00e3o tradicional 90043\/2025<\/a><\/td><td class=\"column-3\">Contrata\u00e7\u00e3o de pessoa jur\u00eddica especializada para a presta\u00e7\u00e3o de servi\u00e7os n\u00e3o continuados de Sonoriza\u00e7\u00e3o, Ilumina\u00e7\u00e3o, Imagem, Decora\u00e7\u00e3o e Montagem de Estruturas visando atender \u00e0s necessidades de adequa\u00e7\u00e3o de espa\u00e7o para a realiza\u00e7\u00e3o das Cerim\u00f4nias de Cola\u00e7\u00e3o de Grau dos Formandos dos semestres de 2025-1 e de 2025-2 da Universidade Federal de Vi\u00e7osa \u2013 Campus Rio Parana\u00edba, previstas para os dias 31 de julho de 2025 e 06 de fevereiro de 2026, respectivamente, no Espa\u00e7o Multiuso do campus, localizado na cidade de Rio Parana\u00edba-MG.<\/td><td class=\"column-4\">23\/06\/2025 \u00e0s 09h<\/td><td class=\"column-5\">ENCERRADO<\/td><td class=\"column-6\"><a href=\"https:\/\/daf.crp.ufv.br\/smt\/wp-content\/uploads\/Termo-de-Homologacao-1.pdf\">Termo de Homologa\u00e7\u00e3o<\/a><\/td>\n<\/tr>\n<tr class=\"row-15\">\n\t<td class=\"column-1\"><a href=\"https:\/\/sei.ufv.br\/sei\/modulos\/pesquisa\/md_pesq_processo_exibir.php?iI3OtHvPArITY997V09rhsSkbDKbaYSycOHqqF2xsM0IaDkkEyJpus7kCPb435VNEAb16AAxmJKUdrsNWVIqQ2RlolufRh6xQEXRnbxpEjUvqxOLzlzmCDM3bwdK0sfb\">23114.907393\/2025-69<\/a><\/td><td class=\"column-2\"><a href=\"http:\/\/comprasnet.gov.br\/ConsultaLicitacoes\/download\/download_editais_detalhe.asp?coduasg=154051&amp;modprp=5&amp;numprp=900462025\">Preg\u00e3o tradicional 90046\/2025<\/a><\/td><td class=\"column-3\">Contrata\u00e7\u00e3o de empresa especializada para presta\u00e7\u00e3o de servi\u00e7os cont\u00ednuos de fornecimento de refei\u00e7\u00f5es coletivas para o Restaurante Universit\u00e1rio do Campus Rio Parana\u00edba da Universidade Federal de Vi\u00e7osa, a serem executados, sem o regime de dedica\u00e7\u00e3o exclusiva de m\u00e3o de obra.<\/td><td class=\"column-4\">16\/06\/2025 \u00e0s 09 h<\/td><td class=\"column-5\">FRACASSADO<\/td><td class=\"column-6\"><a href=\"https:\/\/daf.crp.ufv.br\/smt\/wp-content\/uploads\/Termo-de-Homologacao-2.pdf\">Termo de Homologa\u00e7\u00e3o<\/a><\/td>\n<\/tr>\n<tr class=\"row-16\">\n\t<td class=\"column-1\"><a href=\"https:\/\/sei.ufv.br\/sei\/modulos\/pesquisa\/md_pesq_processo_exibir.php?iI3OtHvPArITY997V09rhsSkbDKbaYSycOHqqF2xsM0IaDkkEyJpus7kCPb435VNEAb16AAxmJKUdrsNWVIqQ5Uk1QtJReDzWPF2wLJsUxnYxcFCVRQm785eLOl2NxeW\" target=\"_blank\">23114.903331\/2025-88<\/a><\/td><td class=\"column-2\"><a href=\"http:\/\/comprasnet.gov.br\/ConsultaLicitacoes\/ConsLicitacao_Relacao.asp?numprp=900252025&amp;dt_publ_ini=&amp;dt_publ_fim=&amp;chkModalidade=5&amp;chk_concor=&amp;chk_pregao=&amp;chk_rdc=&amp;optTpPesqMat=M&amp;optTpPesqServ=S&amp;chkTodos=&amp;chk_concorTodos=&amp;chk_pregaoTodos=&amp;txtlstUf=&amp;txtlstMunicipio=&amp;txtlstUasg=154051&amp;txtlstGrpMaterial=&amp;txtlstClasMaterial=&amp;txtlstMaterial=&amp;txtlstGrpServico=&amp;txtlstServico=&amp;txtObjeto=&amp;numpag=1\"><\/a><a href=\"http:\/\/comprasnet.gov.br\/ConsultaLicitacoes\/ConsLicitacao_Relacao.asp?numprp=900252025&amp;dt_publ_ini=&amp;dt_publ_fim=&amp;chkModalidade=5&amp;chk_concor=&amp;chk_pregao=&amp;chk_rdc=&amp;optTpPesqMat=M&amp;optTpPesqServ=S&amp;chkTodos=&amp;chk_concorTodos=&amp;chk_pregaoTodos=&amp;txtlstUf=&amp;txtlstMunicipio=&amp;txtlstUasg=154051&amp;txtlstGrpMaterial=&amp;txtlstClasMaterial=&amp;txtlstMaterial=&amp;txtlstGrpServico=&amp;txtlstServico=&amp;txtObjeto=&amp;numpag=1\">Preg\u00e3o tradicional 90025\/2025<\/a><\/td><td class=\"column-3\">Contrata\u00e7\u00e3o de empresa especializada para presta\u00e7\u00e3o de servi\u00e7os cont\u00ednuos de fornecimento de refei\u00e7\u00f5es coletivas para o Restaurante Universit\u00e1rio do Campus Rio Parana\u00edba da Universidade Federal de Vi\u00e7osa, a serem executados, sem o regime de dedica\u00e7\u00e3o exclusiva de m\u00e3o de obra.<\/td><td class=\"column-4\">28\/04\/2025, \u00e0s 09h<\/td><td class=\"column-5\">FRACASSADO<\/td><td class=\"column-6\"><a href=\"https:\/\/daf.crp.ufv.br\/smt\/wp-content\/uploads\/relatorio-termo-homologacao-15405105900252025-grupo1.pdf\">Termo de Homologa\u00e7\u00e3o<\/a><\/td>\n<\/tr>\n<tr class=\"row-17\">\n\t<td class=\"column-1\"><\/td><td class=\"column-2\"><\/td><td class=\"column-3\"><\/td><td class=\"column-4\"><\/td><td class=\"column-5\"><\/td><td class=\"column-6\"><\/td>\n<\/tr>\n<\/tbody>\n<\/table>\n<!-- #tablepress-48 from cache -->\n","protected":false},"excerpt":{"rendered":"","protected":false},"author":4,"featured_media":0,"parent":0,"menu_order":0,"comment_status":"closed","ping_status":"closed","template":"","meta":{"footnotes":""},"class_list":["post-3938","page","type-page","status-publish","hentry"],"_links":{"self":[{"href":"https:\/\/daf.crp.ufv.br\/smt\/index.php?rest_route=\/wp\/v2\/pages\/3938","targetHints":{"allow":["GET"]}}],"collection":[{"href":"https:\/\/daf.crp.ufv.br\/smt\/index.php?rest_route=\/wp\/v2\/pages"}],"about":[{"href":"https:\/\/daf.crp.ufv.br\/smt\/index.php?rest_route=\/wp\/v2\/types\/page"}],"author":[{"embeddable":true,"href":"https:\/\/daf.crp.ufv.br\/smt\/index.php?rest_route=\/wp\/v2\/users\/4"}],"replies":[{"embeddable":true,"href":"https:\/\/daf.crp.ufv.br\/smt\/index.php?rest_route=%2Fwp%2Fv2%2Fcomments&post=3938"}],"version-history":[{"count":3,"href":"https:\/\/daf.crp.ufv.br\/smt\/index.php?rest_route=\/wp\/v2\/pages\/3938\/revisions"}],"predecessor-version":[{"id":3979,"href":"https:\/\/daf.crp.ufv.br\/smt\/index.php?rest_route=\/wp\/v2\/pages\/3938\/revisions\/3979"}],"wp:attachment":[{"href":"https:\/\/daf.crp.ufv.br\/smt\/index.php?rest_route=%2Fwp%2Fv2%2Fmedia&parent=3938"}],"curies":[{"name":"wp","href":"https:\/\/api.w.org\/{rel}","templated":true}]}}