{"id":3831,"date":"2025-12-02T10:13:23","date_gmt":"2025-12-02T13:13:23","guid":{"rendered":"https:\/\/daf.crp.ufv.br\/smt\/?page_id=3831"},"modified":"2025-12-02T10:13:23","modified_gmt":"2025-12-02T13:13:23","slug":"contrato-n-o-134-2025","status":"publish","type":"page","link":"https:\/\/daf.crp.ufv.br\/smt\/?page_id=3831","title":{"rendered":"Contrato n.\u00ba 134\/2025"},"content":{"rendered":"\n<table id=\"tablepress-52\" class=\"tablepress tablepress-id-52\">\n<thead>\n<tr class=\"row-1\">\n\t<th class=\"column-1\"><strong>DOCUMENTO<\/strong><\/th><th class=\"column-2\"><strong>OBJETO<\/strong><\/th><th class=\"column-3\"><strong>VALOR ATUALIZADO EM R$<\/strong><\/th>\n<\/tr>\n<\/thead>\n<tbody class=\"row-striping row-hover\">\n<tr class=\"row-2\">\n\t<td class=\"column-1\"><a href=\"https:\/\/daf.crp.ufv.br\/smt\/wp-content\/uploads\/Termo-de-Contrato-no-134-2025-e-Publicacoes-Cesar-Araujo-Silva.pdf\" target=\"_blank\">Contrato n.\u00ba 134\/2025<\/a><\/td><td class=\"column-2\">Loca\u00e7\u00e3o de im\u00f3vel situado no endere\u00e7o Rua Francisco de Paula Moura Neto, 180, bairro Novo Rio, Munic\u00edpio de Rio Parana\u00edba, objeto da matr\u00edcula n.\u00ba 9755, do 1.\u00ba Of\u00edcio de Registro de Im\u00f3veis da Comarca de Rio Parana\u00edba, para abrigar as instala\u00e7\u00f5es do Laborat\u00f3rio de Aten\u00e7\u00e3o Nutricional do Instituto de Ci\u00eancias Biol\u00f3gicas e da Sa\u00fade da UFV - Campus Rio Parana\u00edba.<\/td><td class=\"column-3\">31.548,00<\/td>\n<\/tr>\n<tr class=\"row-3\">\n\t<td class=\"column-1\"><a href=\"https:\/\/daf.crp.ufv.br\/smt\/wp-content\/uploads\/TR-33-2025.pdf\" target=\"_blank\">Termo de Refer\u00eancia n.\u00ba 33\/2025<\/a><\/td><td class=\"column-2\">Termo de Refer\u00eancia n.\u00ba 33\/2025<\/td><td class=\"column-3\"><\/td>\n<\/tr>\n<tr class=\"row-4\">\n\t<td class=\"column-1\"><a href=\"https:\/\/daf.crp.ufv.br\/smt\/wp-content\/uploads\/2025NE001467.pdf\" target=\"_blank\">2025NE001467<\/a><\/td><td class=\"column-2\">Nota de Empenho - Exerc\u00edcio 2025.<\/td><td class=\"column-3\">5.258,00<\/td>\n<\/tr>\n<tr class=\"row-5\">\n\t<td class=\"column-1\"><a href=\"https:\/\/daf.crp.ufv.br\/smt\/wp-content\/uploads\/2026NE000259-25-02-2026.pdf\" target=\"_blank\">2026NE000259<\/a><\/td><td class=\"column-2\">Nota de Empenho - Exerc\u00edcio 2026.<\/td><td class=\"column-3\">15.774,00<\/td>\n<\/tr>\n<\/tbody>\n<\/table>\n<!-- #tablepress-52 from cache -->\n","protected":false},"excerpt":{"rendered":"","protected":false},"author":6,"featured_media":0,"parent":2935,"menu_order":0,"comment_status":"closed","ping_status":"closed","template":"","meta":{"footnotes":""},"class_list":["post-3831","page","type-page","status-publish","hentry"],"_links":{"self":[{"href":"https:\/\/daf.crp.ufv.br\/smt\/index.php?rest_route=\/wp\/v2\/pages\/3831","targetHints":{"allow":["GET"]}}],"collection":[{"href":"https:\/\/daf.crp.ufv.br\/smt\/index.php?rest_route=\/wp\/v2\/pages"}],"about":[{"href":"https:\/\/daf.crp.ufv.br\/smt\/index.php?rest_route=\/wp\/v2\/types\/page"}],"author":[{"embeddable":true,"href":"https:\/\/daf.crp.ufv.br\/smt\/index.php?rest_route=\/wp\/v2\/users\/6"}],"replies":[{"embeddable":true,"href":"https:\/\/daf.crp.ufv.br\/smt\/index.php?rest_route=%2Fwp%2Fv2%2Fcomments&post=3831"}],"version-history":[{"count":1,"href":"https:\/\/daf.crp.ufv.br\/smt\/index.php?rest_route=\/wp\/v2\/pages\/3831\/revisions"}],"predecessor-version":[{"id":3832,"href":"https:\/\/daf.crp.ufv.br\/smt\/index.php?rest_route=\/wp\/v2\/pages\/3831\/revisions\/3832"}],"up":[{"embeddable":true,"href":"https:\/\/daf.crp.ufv.br\/smt\/index.php?rest_route=\/wp\/v2\/pages\/2935"}],"wp:attachment":[{"href":"https:\/\/daf.crp.ufv.br\/smt\/index.php?rest_route=%2Fwp%2Fv2%2Fmedia&parent=3831"}],"curies":[{"name":"wp","href":"https:\/\/api.w.org\/{rel}","templated":true}]}}