{"id":3430,"date":"2025-01-21T09:08:35","date_gmt":"2025-01-21T12:08:35","guid":{"rendered":"https:\/\/daf.crp.ufv.br\/smt\/?page_id=3430"},"modified":"2025-04-10T09:24:43","modified_gmt":"2025-04-10T12:24:43","slug":"contrato-n-o-173-2024","status":"publish","type":"page","link":"https:\/\/daf.crp.ufv.br\/smt\/?page_id=3430","title":{"rendered":"Contrato n.\u00ba 173\/2024"},"content":{"rendered":"\n<table id=\"tablepress-43\" class=\"tablepress tablepress-id-43\">\n<thead>\n<tr class=\"row-1\">\n\t<th class=\"column-1\"><strong>DOCUMENTO<\/strong><\/th><th class=\"column-2\"><strong>OBJETO<\/strong><\/th><th class=\"column-3\"><strong>VALOR ATUALIZADO EM R$<\/strong><\/th>\n<\/tr>\n<\/thead>\n<tbody class=\"row-striping row-hover\">\n<tr class=\"row-2\">\n\t<td class=\"column-1\"><a href=\"https:\/\/daf.crp.ufv.br\/smt\/wp-content\/uploads\/Contrato-no-173-2024-COPASA-MG-Campus-Divulgacao.pdf\" rel=\"noopener\" target=\"_blank\">Contrato n.\u00ba 173\/2024<\/a><\/td><td class=\"column-2\">Presta\u00e7\u00e3o de servi\u00e7os para fornecimento de \u00e1gua e coleta de esgosto sanit\u00e1rio para atender a UFV - Campus Rio Parana\u00edba.<\/td><td class=\"column-3\">130.344,00<\/td>\n<\/tr>\n<tr class=\"row-3\">\n\t<td class=\"column-1\"><a href=\"https:\/\/daf.crp.ufv.br\/smt\/wp-content\/uploads\/Contrato-no-173-2024-ETP-Termo-de-Referencia.pdf\" rel=\"noopener\" target=\"_blank\">ETP e Termo de Refer\u00eancia<\/a><\/td><td class=\"column-2\">Estudo T\u00e9cnico Preliminar e Termo de Refer\u00eancia - Inexigibilidade n.\u00ba 104\/2024.<\/td><td class=\"column-3\"><\/td>\n<\/tr>\n<tr class=\"row-4\">\n\t<td class=\"column-1\"><a href=\"https:\/\/daf.crp.ufv.br\/smt\/wp-content\/uploads\/2024NE001916.pdf\" rel=\"noopener\" target=\"_blank\">2024NE001916<\/a><\/td><td class=\"column-2\">Nota de Empenho - Exerc\u00edcio 2024.<\/td><td class=\"column-3\">10.862,00<\/td>\n<\/tr>\n<tr class=\"row-5\">\n\t<td class=\"column-1\"><a href=\"https:\/\/daf.crp.ufv.br\/smt\/wp-content\/uploads\/2025NE000203-24-02-2025.pdf\" target=\"_blank\">2025NE000203<\/a><\/td><td class=\"column-2\">Nota de Empenho - Exerc\u00edcio 2025.<\/td><td class=\"column-3\">10.000,00<\/td>\n<\/tr>\n<\/tbody>\n<\/table>\n\n","protected":false},"excerpt":{"rendered":"","protected":false},"author":6,"featured_media":0,"parent":2935,"menu_order":0,"comment_status":"closed","ping_status":"closed","template":"","meta":{"footnotes":""},"class_list":["post-3430","page","type-page","status-publish","hentry"],"_links":{"self":[{"href":"https:\/\/daf.crp.ufv.br\/smt\/index.php?rest_route=\/wp\/v2\/pages\/3430","targetHints":{"allow":["GET"]}}],"collection":[{"href":"https:\/\/daf.crp.ufv.br\/smt\/index.php?rest_route=\/wp\/v2\/pages"}],"about":[{"href":"https:\/\/daf.crp.ufv.br\/smt\/index.php?rest_route=\/wp\/v2\/types\/page"}],"author":[{"embeddable":true,"href":"https:\/\/daf.crp.ufv.br\/smt\/index.php?rest_route=\/wp\/v2\/users\/6"}],"replies":[{"embeddable":true,"href":"https:\/\/daf.crp.ufv.br\/smt\/index.php?rest_route=%2Fwp%2Fv2%2Fcomments&post=3430"}],"version-history":[{"count":2,"href":"https:\/\/daf.crp.ufv.br\/smt\/index.php?rest_route=\/wp\/v2\/pages\/3430\/revisions"}],"predecessor-version":[{"id":3441,"href":"https:\/\/daf.crp.ufv.br\/smt\/index.php?rest_route=\/wp\/v2\/pages\/3430\/revisions\/3441"}],"up":[{"embeddable":true,"href":"https:\/\/daf.crp.ufv.br\/smt\/index.php?rest_route=\/wp\/v2\/pages\/2935"}],"wp:attachment":[{"href":"https:\/\/daf.crp.ufv.br\/smt\/index.php?rest_route=%2Fwp%2Fv2%2Fmedia&parent=3430"}],"curies":[{"name":"wp","href":"https:\/\/api.w.org\/{rel}","templated":true}]}}