{"id":2983,"date":"2024-02-14T16:58:33","date_gmt":"2024-02-14T19:58:33","guid":{"rendered":"https:\/\/daf.crp.ufv.br\/smt\/?page_id=2983"},"modified":"2025-04-10T09:23:46","modified_gmt":"2025-04-10T12:23:46","slug":"contrato-n-o-050-2021","status":"publish","type":"page","link":"https:\/\/daf.crp.ufv.br\/smt\/?page_id=2983","title":{"rendered":"Contrato n.\u00ba 050\/2021"},"content":{"rendered":"\n<table id=\"tablepress-27\" class=\"tablepress tablepress-id-27\">\n<thead>\n<tr class=\"row-1\">\n\t<th class=\"column-1\"><strong>DOCUMENTO<\/strong><\/th><th class=\"column-2\"><strong>OBJETO<\/strong><\/th><th class=\"column-3\"><strong>VALOR ATUALIZADO EM R$<\/strong><\/th>\n<\/tr>\n<\/thead>\n<tbody class=\"row-striping row-hover\">\n<tr class=\"row-2\">\n\t<td class=\"column-1\"><a href=\"https:\/\/daf.crp.ufv.br\/smt\/wp-content\/uploads\/Contrato-502021-Algar-Solucoes-TIC-SA-Clear-Channel.pdf\" rel=\"noopener\" target=\"_blank\">050\/2021<\/a><\/td><td class=\"column-2\">Contrata\u00e7\u00e3o de empresa especializada na presta\u00e7\u00e3o de servi\u00e7o de interconex\u00e3o de redes de dados do tipo Clear Channel ou Lan2Lan entre as unidades administrativas BBT e CRP-I da Universidade Federal de Vi\u00e7osa - Campus Rio Parana\u00edba.<\/td><td class=\"column-3\">5.499,84<\/td>\n<\/tr>\n<tr class=\"row-3\">\n\t<td class=\"column-1\"><a href=\"https:\/\/daf.crp.ufv.br\/smt\/wp-content\/uploads\/1o-Termo-Aditivo-Contrato-no-0502021-Algar-Solucoes-TIC-SA.pdf\" rel=\"noopener\" target=\"_blank\">1.\u00ba Termo Aditivo<\/a><\/td><td class=\"column-2\">Prorroga\u00e7\u00e3o do prazo de vig\u00eancia.<\/td><td class=\"column-3\">5.499,84<\/td>\n<\/tr>\n<tr class=\"row-4\">\n\t<td class=\"column-1\"><a href=\"https:\/\/daf.crp.ufv.br\/smt\/wp-content\/uploads\/2o-Termo-Aditivo-Contrato-no-0502021-Vogel-Solucoes-em-Tel.-e-Inf.-SA.pdf\" rel=\"noopener\" target=\"_blank\">2.\u00ba Termo Aditivo<\/a><\/td><td class=\"column-2\">Altera\u00e7\u00e3o subjetiva do contrato em raz\u00e3o da incorpora\u00e7\u00e3o da empresa Algar Solu\u00e7\u00f5es em TIC S\/A pela empresa Vogel Solu\u00e7\u00f5es em Telecomunica\u00e7\u00f5es e Inform\u00e1tica S\/A.<\/td><td class=\"column-3\"><\/td>\n<\/tr>\n<tr class=\"row-5\">\n\t<td class=\"column-1\"><a href=\"https:\/\/daf.crp.ufv.br\/smt\/wp-content\/uploads\/3o-Termo-Aditivo-Contrato-no-0502021-Vogel-Solucoes-em-Tel.-e-Inf.-SA.pdf\" rel=\"noopener\" target=\"_blank\">3.\u00ba Termo Aditivo<\/a><\/td><td class=\"column-2\">Prorroga\u00e7\u00e3o do prazo de vig\u00eancia.<\/td><td class=\"column-3\">5.499,84<\/td>\n<\/tr>\n<tr class=\"row-6\">\n\t<td class=\"column-1\"><a href=\"https:\/\/daf.crp.ufv.br\/smt\/wp-content\/uploads\/4o-Termo-Aditivo-Contrato-no-0502021-Vogel-Solucoes-em-Tel.-e-Inf.-SA.pdf\" rel=\"noopener\" target=\"_blank\">4.\u00ba Termo Aditivo<\/a><\/td><td class=\"column-2\">Prorroga\u00e7\u00e3o do prazo de vig\u00eancia.<\/td><td class=\"column-3\">5.499,84<\/td>\n<\/tr>\n<tr class=\"row-7\">\n\t<td class=\"column-1\"><a href=\"https:\/\/daf.crp.ufv.br\/smt\/wp-content\/uploads\/5o-Termo-Aditivo-Contrato-no-050-2021.pdf\" target=\"_blank\">5.\u00ba Termo Aditivo<\/a><\/td><td class=\"column-2\">Prorroga\u00e7\u00e3o do prazo de vig\u00eancia.<\/td><td class=\"column-3\">5.499,84<\/td>\n<\/tr>\n<tr class=\"row-8\">\n\t<td class=\"column-1\"><a href=\"https:\/\/daf.crp.ufv.br\/smt\/wp-content\/uploads\/2021NE000179.pdf\" target=\"_blank\">2021NE000179<\/a><\/td><td class=\"column-2\">Nota de Empenho - Exerc\u00edcio 2021.<\/td><td class=\"column-3\">5.499,84<\/td>\n<\/tr>\n<tr class=\"row-9\">\n\t<td class=\"column-1\"><a href=\"https:\/\/daf.crp.ufv.br\/smt\/wp-content\/uploads\/2022NE000213.pdf\" target=\"_blank\">2022NE000213<\/a><\/td><td class=\"column-2\">Nota de Empenho - Exerc\u00edcio 2022.<\/td><td class=\"column-3\">399,96<\/td>\n<\/tr>\n<tr class=\"row-10\">\n\t<td class=\"column-1\"><a href=\"https:\/\/daf.crp.ufv.br\/smt\/wp-content\/uploads\/2023NE000349-20-03-2023.pdf\" target=\"_blank\">2023NE000349<\/a><\/td><td class=\"column-2\">Nota de Empenho - Exerc\u00edcio 2023.<\/td><td class=\"column-3\">366,66<\/td>\n<\/tr>\n<tr class=\"row-11\">\n\t<td class=\"column-1\"><a href=\"https:\/\/daf.crp.ufv.br\/smt\/wp-content\/uploads\/2024NE000154-19-02-2024.pdf\" target=\"_blank\">2024NE000154<\/a><\/td><td class=\"column-2\">Nota de Empenho - Exerc\u00edcio 2024.<\/td><td class=\"column-3\">1.000,00<\/td>\n<\/tr>\n<tr class=\"row-12\">\n\t<td class=\"column-1\"><a href=\"https:\/\/daf.crp.ufv.br\/smt\/wp-content\/uploads\/2025NE000202-21-02-2025.pdf\" target=\"_blank\">2025NE000202<\/a><\/td><td class=\"column-2\">Nota de Empenho - Exerc\u00edcio 2025.<\/td><td class=\"column-3\">242,96<\/td>\n<\/tr>\n<tr class=\"row-13\">\n\t<td class=\"column-1\"><a href=\"https:\/\/daf.crp.ufv.br\/smt\/wp-content\/uploads\/2026NE000252-20-02-2026.pdf\" target=\"_blank\">2026NE000252<\/a><\/td><td class=\"column-2\">Nota de Empenho - Exerc\u00edcio 2026.<\/td><td class=\"column-3\">423,90<\/td>\n<\/tr>\n<\/tbody>\n<\/table>\n<!-- #tablepress-27 from cache -->\n","protected":false},"excerpt":{"rendered":"","protected":false},"author":6,"featured_media":0,"parent":2935,"menu_order":0,"comment_status":"closed","ping_status":"closed","template":"","meta":{"footnotes":""},"class_list":["post-2983","page","type-page","status-publish","hentry"],"_links":{"self":[{"href":"https:\/\/daf.crp.ufv.br\/smt\/index.php?rest_route=\/wp\/v2\/pages\/2983","targetHints":{"allow":["GET"]}}],"collection":[{"href":"https:\/\/daf.crp.ufv.br\/smt\/index.php?rest_route=\/wp\/v2\/pages"}],"about":[{"href":"https:\/\/daf.crp.ufv.br\/smt\/index.php?rest_route=\/wp\/v2\/types\/page"}],"author":[{"embeddable":true,"href":"https:\/\/daf.crp.ufv.br\/smt\/index.php?rest_route=\/wp\/v2\/users\/6"}],"replies":[{"embeddable":true,"href":"https:\/\/daf.crp.ufv.br\/smt\/index.php?rest_route=%2Fwp%2Fv2%2Fcomments&post=2983"}],"version-history":[{"count":1,"href":"https:\/\/daf.crp.ufv.br\/smt\/index.php?rest_route=\/wp\/v2\/pages\/2983\/revisions"}],"predecessor-version":[{"id":2984,"href":"https:\/\/daf.crp.ufv.br\/smt\/index.php?rest_route=\/wp\/v2\/pages\/2983\/revisions\/2984"}],"up":[{"embeddable":true,"href":"https:\/\/daf.crp.ufv.br\/smt\/index.php?rest_route=\/wp\/v2\/pages\/2935"}],"wp:attachment":[{"href":"https:\/\/daf.crp.ufv.br\/smt\/index.php?rest_route=%2Fwp%2Fv2%2Fmedia&parent=2983"}],"curies":[{"name":"wp","href":"https:\/\/api.w.org\/{rel}","templated":true}]}}