{"id":2965,"date":"2024-02-14T16:33:52","date_gmt":"2024-02-14T19:33:52","guid":{"rendered":"https:\/\/daf.crp.ufv.br\/smt\/?page_id=2965"},"modified":"2025-04-10T09:23:54","modified_gmt":"2025-04-10T12:23:54","slug":"contrato-n-o-051-2021","status":"publish","type":"page","link":"https:\/\/daf.crp.ufv.br\/smt\/?page_id=2965","title":{"rendered":"Contrato n.\u00ba 051\/2021"},"content":{"rendered":"\n<table id=\"tablepress-26\" class=\"tablepress tablepress-id-26\">\n<thead>\n<tr class=\"row-1\">\n\t<th class=\"column-1\"><strong>DOCUMENTO<\/strong><\/th><th class=\"column-2\"><strong>OBJETO<\/strong><\/th><th class=\"column-3\"><strong>VALOR ATUALIZADO EM R$<\/strong><\/th>\n<\/tr>\n<\/thead>\n<tbody class=\"row-striping row-hover\">\n<tr class=\"row-2\">\n\t<td class=\"column-1\"><a href=\"https:\/\/daf.crp.ufv.br\/smt\/wp-content\/uploads\/Contrato-512021-Algar-Telecom-SA-Telefonia.pdf\" rel=\"noopener\" target=\"_blank\">051\/2021<\/a><\/td><td class=\"column-2\">Servi\u00e7os continuados de telefonia fixa comutada\/convencional na Universidade Federal de Vi\u00e7osa - Campus Rio Parana\u00edba.<\/td><td class=\"column-3\">24.000,00<\/td>\n<\/tr>\n<tr class=\"row-3\">\n\t<td class=\"column-1\"><a href=\"https:\/\/daf.crp.ufv.br\/smt\/wp-content\/uploads\/1o-Termo-Aditivo-Contrato-no-0512021-Algar-Telecom-SA.pdf\" rel=\"noopener\" target=\"_blank\">1.\u00ba Termo Aditivo<\/a><\/td><td class=\"column-2\">Prorroga\u00e7\u00e3o do prazo vig\u00eancia.<\/td><td class=\"column-3\">23.760,00<\/td>\n<\/tr>\n<tr class=\"row-4\">\n\t<td class=\"column-1\"><a href=\"https:\/\/daf.crp.ufv.br\/smt\/wp-content\/uploads\/2o-Termo-Aditivo-Contrato-no-0512021-Algar-Telecom-SA.pdf\" rel=\"noopener\" target=\"_blank\">2.\u00ba Termo Aditivo<\/a><\/td><td class=\"column-2\">Prorroga\u00e7\u00e3o do prazo vig\u00eancia.<\/td><td class=\"column-3\">23.760,00<\/td>\n<\/tr>\n<tr class=\"row-5\">\n\t<td class=\"column-1\"><a href=\"https:\/\/daf.crp.ufv.br\/smt\/wp-content\/uploads\/3o-Termo-Aditivo-Contrato-no-0512021-Algar-Telecom-SA.pdf\" rel=\"noopener\" target=\"_blank\">3.\u00ba Termo Aditivo<\/a><\/td><td class=\"column-2\">Prorroga\u00e7\u00e3o do prazo vig\u00eancia.<\/td><td class=\"column-3\">23.760,00<\/td>\n<\/tr>\n<tr class=\"row-6\">\n\t<td class=\"column-1\"><a href=\"https:\/\/daf.crp.ufv.br\/smt\/wp-content\/uploads\/4o-Termo-Aditivo-Contrato-no-051-2021.pdf\" target=\"_blank\">4.\u00ba Termo Aditivo<\/a><\/td><td class=\"column-2\">Prorroga\u00e7\u00e3o do prazo vig\u00eancia.<\/td><td class=\"column-3\">23.760,00<\/td>\n<\/tr>\n<tr class=\"row-7\">\n\t<td class=\"column-1\"><a href=\"https:\/\/daf.crp.ufv.br\/smt\/wp-content\/uploads\/2021NE000178.pdf\" target=\"_blank\">2021NE000178<\/a><\/td><td class=\"column-2\">Nota de Empenho - Exerc\u00edcio 2021.<\/td><td class=\"column-3\">24.000,00<\/td>\n<\/tr>\n<tr class=\"row-8\">\n\t<td class=\"column-1\"><a href=\"https:\/\/daf.crp.ufv.br\/smt\/wp-content\/uploads\/2022NE000215.pdf\" target=\"_blank\">2022NE000215<\/a><\/td><td class=\"column-2\">Nota de Empenho - Exerc\u00edcio 2022.<\/td><td class=\"column-3\">692,36<\/td>\n<\/tr>\n<tr class=\"row-9\">\n\t<td class=\"column-1\"><a href=\"https:\/\/daf.crp.ufv.br\/smt\/wp-content\/uploads\/2023NE000077-25-01-2023.pdf\" target=\"_blank\">2023NE000077<\/a><\/td><td class=\"column-2\">Nota de Empenho - Exerc\u00edcio 2023.<\/td><td class=\"column-3\">679,05<\/td>\n<\/tr>\n<tr class=\"row-10\">\n\t<td class=\"column-1\"><a href=\"https:\/\/daf.crp.ufv.br\/smt\/wp-content\/uploads\/2024NE000238-08-03-2024.pdf\" target=\"_blank\">2024NE000238<\/a><\/td><td class=\"column-2\">Nota de Empenho - Exerc\u00edcio 2024.<\/td><td class=\"column-3\">198,00<\/td>\n<\/tr>\n<tr class=\"row-11\">\n\t<td class=\"column-1\"><a href=\"https:\/\/daf.crp.ufv.br\/smt\/wp-content\/uploads\/2025NE000254-28-03-2025.pdf\" target=\"_blank\">2025NE000254<\/a><\/td><td class=\"column-2\">Nota de Empenho - Exerc\u00edcio 2025.<\/td><td class=\"column-3\">1.980,00<\/td>\n<\/tr>\n<tr class=\"row-12\">\n\t<td class=\"column-1\"><a href=\"https:\/\/daf.crp.ufv.br\/smt\/wp-content\/uploads\/2026NE000253-20-02-2026.pdf\" target=\"_blank\">2026NE000253<\/a><\/td><td class=\"column-2\">Nota de Empenho - Exerc\u00edcio 2026.<\/td><td class=\"column-3\">1.980,00<\/td>\n<\/tr>\n<\/tbody>\n<\/table>\n<!-- #tablepress-26 from cache -->\n","protected":false},"excerpt":{"rendered":"","protected":false},"author":6,"featured_media":0,"parent":2935,"menu_order":0,"comment_status":"closed","ping_status":"closed","template":"","meta":{"footnotes":""},"class_list":["post-2965","page","type-page","status-publish","hentry"],"_links":{"self":[{"href":"https:\/\/daf.crp.ufv.br\/smt\/index.php?rest_route=\/wp\/v2\/pages\/2965","targetHints":{"allow":["GET"]}}],"collection":[{"href":"https:\/\/daf.crp.ufv.br\/smt\/index.php?rest_route=\/wp\/v2\/pages"}],"about":[{"href":"https:\/\/daf.crp.ufv.br\/smt\/index.php?rest_route=\/wp\/v2\/types\/page"}],"author":[{"embeddable":true,"href":"https:\/\/daf.crp.ufv.br\/smt\/index.php?rest_route=\/wp\/v2\/users\/6"}],"replies":[{"embeddable":true,"href":"https:\/\/daf.crp.ufv.br\/smt\/index.php?rest_route=%2Fwp%2Fv2%2Fcomments&post=2965"}],"version-history":[{"count":2,"href":"https:\/\/daf.crp.ufv.br\/smt\/index.php?rest_route=\/wp\/v2\/pages\/2965\/revisions"}],"predecessor-version":[{"id":2972,"href":"https:\/\/daf.crp.ufv.br\/smt\/index.php?rest_route=\/wp\/v2\/pages\/2965\/revisions\/2972"}],"up":[{"embeddable":true,"href":"https:\/\/daf.crp.ufv.br\/smt\/index.php?rest_route=\/wp\/v2\/pages\/2935"}],"wp:attachment":[{"href":"https:\/\/daf.crp.ufv.br\/smt\/index.php?rest_route=%2Fwp%2Fv2%2Fmedia&parent=2965"}],"curies":[{"name":"wp","href":"https:\/\/api.w.org\/{rel}","templated":true}]}}