{"id":22,"date":"2013-01-16T18:00:47","date_gmt":"2013-01-16T18:00:47","guid":{"rendered":"http:\/\/localhost\/dsa\/?page_id=22"},"modified":"2023-09-06T09:10:06","modified_gmt":"2023-09-06T12:10:06","slug":"menu5","status":"publish","type":"page","link":"https:\/\/daf.crp.ufv.br\/smt\/?page_id=22","title":{"rendered":"Atos Administrativos"},"content":{"rendered":"<p><a href=\"https:\/\/daf.crp.ufv.br\/smt\/wp-content\/uploads\/Ato-pregoeiros_22_2023.pdf\">Ato n\u00ba 22\/2023: Nomea\u00e7\u00e3o de\u00a0 pregoeiros_22_2023 &#8211; DMT<\/a><\/p>\n<p><a href=\"https:\/\/daf.crp.ufv.br\/smt\/wp-content\/uploads\/ATO-N\u00ba-08-2019-Nomea\u00e7\u00e3p-de-pregoeiros-DMT.pdf\">ATO N\u00ba 08-2019-Nomea\u00e7\u00e3p de pregoeiros &#8211; DMT<\/a><\/p>\n<p><a href=\"https:\/\/daf.crp.ufv.br\/smt\/wp-content\/uploads\/Ato-11-2018-PPO-subcomiss\u00e3o-licita\u00e7\u00e3o.pdf\">Ato 11-<\/a><a href=\"https:\/\/daf.crp.ufv.br\/smt\/wp-content\/uploads\/Ato-11-2018-PPO-subcomiss\u00e3o-licita\u00e7\u00e3o-1.pdf\">Ato 11-2018-PPO subcomiss\u00e3o licita\u00e7\u00e3o<\/a><a href=\"https:\/\/daf.crp.ufv.br\/smt\/wp-content\/uploads\/Ato-11-2018-PPO-subcomiss\u00e3o-licita\u00e7\u00e3o.pdf\">2018-PPO subcomiss\u00e3o licita\u00e7\u00e3o<\/a><\/p>\n<p>&nbsp;<\/p>\n<p>&nbsp;<\/p>\n<p>&nbsp;<\/p>\n<p>&nbsp;<\/p>\n","protected":false},"excerpt":{"rendered":"<p>Ato n\u00ba 22\/2023: Nomea\u00e7\u00e3o de\u00a0 pregoeiros_22_2023 &#8211; DMT ATO N\u00ba 08-2019-Nomea\u00e7\u00e3p de pregoeiros &#8211; DMT Ato 11-Ato 11-2018-PPO subcomiss\u00e3o licita\u00e7\u00e3o2018-PPO subcomiss\u00e3o licita\u00e7\u00e3o &nbsp; &nbsp; &nbsp; &nbsp;<\/p>\n","protected":false},"author":1,"featured_media":0,"parent":0,"menu_order":0,"comment_status":"closed","ping_status":"closed","template":"internas-page.php","meta":{"footnotes":""},"class_list":["post-22","page","type-page","status-publish","hentry"],"_links":{"self":[{"href":"https:\/\/daf.crp.ufv.br\/smt\/index.php?rest_route=\/wp\/v2\/pages\/22","targetHints":{"allow":["GET"]}}],"collection":[{"href":"https:\/\/daf.crp.ufv.br\/smt\/index.php?rest_route=\/wp\/v2\/pages"}],"about":[{"href":"https:\/\/daf.crp.ufv.br\/smt\/index.php?rest_route=\/wp\/v2\/types\/page"}],"author":[{"embeddable":true,"href":"https:\/\/daf.crp.ufv.br\/smt\/index.php?rest_route=\/wp\/v2\/users\/1"}],"replies":[{"embeddable":true,"href":"https:\/\/daf.crp.ufv.br\/smt\/index.php?rest_route=%2Fwp%2Fv2%2Fcomments&post=22"}],"version-history":[{"count":44,"href":"https:\/\/daf.crp.ufv.br\/smt\/index.php?rest_route=\/wp\/v2\/pages\/22\/revisions"}],"predecessor-version":[{"id":2755,"href":"https:\/\/daf.crp.ufv.br\/smt\/index.php?rest_route=\/wp\/v2\/pages\/22\/revisions\/2755"}],"wp:attachment":[{"href":"https:\/\/daf.crp.ufv.br\/smt\/index.php?rest_route=%2Fwp%2Fv2%2Fmedia&parent=22"}],"curies":[{"name":"wp","href":"https:\/\/api.w.org\/{rel}","templated":true}]}}