{"id":5,"date":"2013-01-15T18:25:31","date_gmt":"2013-01-15T18:25:31","guid":{"rendered":"http:\/\/localhost\/dsa\/?page_id=5"},"modified":"2017-06-19T08:23:15","modified_gmt":"2017-06-19T11:23:15","slug":"menu1","status":"publish","type":"page","link":"https:\/\/daf.crp.ufv.br\/?page_id=5","title":{"rendered":"Conhe\u00e7a a DAF"},"content":{"rendered":"<p><strong><a href=\"https:\/\/i0.wp.com\/daf.crp.ufv.br\/wp-content\/uploads\/adminsitra%C3%A7%C3%A3o-financeira-1-e1394197296996.png?ssl=1\"><img data-recalc-dims=\"1\" loading=\"lazy\" decoding=\"async\" class=\"aligncenter size-medium wp-image-614\" src=\"https:\/\/i0.wp.com\/daf.crp.ufv.br\/wp-content\/uploads\/adminsitra%C3%A7%C3%A3o-financeira-1-e1394197296996-300x105.png?resize=300%2C105&#038;ssl=1\" alt=\"adminsitra\u00e7\u00e3o financeira 1\" width=\"300\" height=\"105\" \/><\/a><\/strong><\/p>\n<p><strong>APRESENTA\u00c7\u00c3O<\/strong><\/p>\n<p>A Diretoria Administrativa Financeira \u2013 DAF, \u00e9 um \u00f3rg\u00e3o vinculado \u00e0 Diretoria Geral da UFV Campus Rio Parana\u00edba e tem sua estrutura, suas atribui\u00e7\u00f5es e seu funcionamento estabelecidos em Regimento. Tem por objetivos o planejamento, a organiza\u00e7\u00e3o, a dire\u00e7\u00e3o e o controle de todas as atividades administrativas e financeiras do Campus, bem como, superintender e avaliar seus diversos \u00f3rg\u00e3os e atividades.<\/p>\n<p>&nbsp;<\/p>\n<p><span style=\"color: #000000;\"><b>DIRETOR ADMINISTRATIVO FINANCEIRO<\/b><\/span><\/p>\n<p>| Telefone: 34 3855-9373 | E-mail:<\/p>\n<p>&nbsp;<\/p>\n<p><span style=\"color: #000000;\"><b>ATRIBUI\u00c7\u00d5ES DO DIRETOR ADMINISTRATIVO FINANCEIRO<\/b><\/span><\/p>\n<p>I \u2013 Planejar, organizar, dirigir e controlar todas as atividades relacionadas com a sua Diretoria, bem como, superintender e avaliar seus diversos \u00f3rg\u00e3os e atividades em conson\u00e2ncia com as diretrizes do Campus Sede;<\/p>\n<p>II \u2013 Supervisionar e coordenar a execu\u00e7\u00e3o or\u00e7ament\u00e1ria, financeira e cont\u00e1bil e organizar anualmente a presta\u00e7\u00e3o de contas da Diretoria Geral do Campus;<\/p>\n<p>III \u2013 Supervisionar a execu\u00e7\u00e3o de a\u00e7\u00f5es que possibilitem a implanta\u00e7\u00e3o, amplia\u00e7\u00e3o e conserva\u00e7\u00e3o das \u00e1reas verdes e limpeza de parques e jardins;<\/p>\n<p>IV \u2013 Coordenar e supervisionar as atividades relacionadas aos projetos e obras do Campus;<\/p>\n<p>V \u2013 Supervisionar as a\u00e7\u00f5es de manuten\u00e7\u00e3o e recupera\u00e7\u00e3o das instala\u00e7\u00f5es f\u00edsicas e expans\u00e3o do Campus;<\/p>\n<p>VI \u2013 Supervisionar as atividades relativas \u00e0 administra\u00e7\u00e3o de material do Campus;<\/p>\n<p>VII \u2013 Coordenar e supervisionar as atividades de organiza\u00e7\u00e3o do cadastro de bens m\u00f3veis e im\u00f3veis do Campus;<\/p>\n<p>VIII \u2013 Acompanhar as atividades de planejamento, programas e projetos do Campus, em sua \u00e1rea de compet\u00eancia, prestar informa\u00e7\u00f5es acad\u00eamicas e administrativas solicitadas pelo Campus Sede, bem como, aos demais \u00f3rg\u00e3os da administra\u00e7\u00e3o do Campus;<\/p>\n<p>IX \u2013 Supervisionar as atividades de gest\u00e3o de pessoas, em conson\u00e2ncia com a PGP;<\/p>\n<p>X \u2013 Supervisionar as atividades relativas a transportes, vigil\u00e2ncia e seguran\u00e7a patrimonial em conson\u00e2ncia com a PAD;<\/p>\n<p>XI \u2013 Supervisionar as atividades de assuntos comunit\u00e1rios, em conson\u00e2ncia com a PCD;<\/p>\n<p>XII \u2013 Desenvolver outras atividades delegadas pelo Diretor Geral do Campus.<\/p>\n","protected":false},"excerpt":{"rendered":"<p>APRESENTA\u00c7\u00c3O A Diretoria Administrativa Financeira \u2013 DAF, \u00e9 um \u00f3rg\u00e3o vinculado \u00e0 Diretoria Geral da UFV Campus Rio Parana\u00edba e tem sua estrutura, suas atribui\u00e7\u00f5es e seu funcionamento estabelecidos em Regimento. Tem por objetivos o planejamento, a organiza\u00e7\u00e3o, a dire\u00e7\u00e3o e o controle de todas as atividades administrativas e financeiras do Campus, bem como, superintender [&hellip;]<\/p>\n","protected":false},"author":1,"featured_media":0,"parent":0,"menu_order":0,"comment_status":"closed","ping_status":"closed","template":"internas-page.php","meta":{"footnotes":""},"class_list":["post-5","page","type-page","status-publish","hentry"],"jetpack_sharing_enabled":true,"jetpack_shortlink":"https:\/\/wp.me\/P7ZC5i-5","_links":{"self":[{"href":"https:\/\/daf.crp.ufv.br\/index.php?rest_route=\/wp\/v2\/pages\/5","targetHints":{"allow":["GET"]}}],"collection":[{"href":"https:\/\/daf.crp.ufv.br\/index.php?rest_route=\/wp\/v2\/pages"}],"about":[{"href":"https:\/\/daf.crp.ufv.br\/index.php?rest_route=\/wp\/v2\/types\/page"}],"author":[{"embeddable":true,"href":"https:\/\/daf.crp.ufv.br\/index.php?rest_route=\/wp\/v2\/users\/1"}],"replies":[{"embeddable":true,"href":"https:\/\/daf.crp.ufv.br\/index.php?rest_route=%2Fwp%2Fv2%2Fcomments&post=5"}],"version-history":[{"count":9,"href":"https:\/\/daf.crp.ufv.br\/index.php?rest_route=\/wp\/v2\/pages\/5\/revisions"}],"predecessor-version":[{"id":928,"href":"https:\/\/daf.crp.ufv.br\/index.php?rest_route=\/wp\/v2\/pages\/5\/revisions\/928"}],"wp:attachment":[{"href":"https:\/\/daf.crp.ufv.br\/index.php?rest_route=%2Fwp%2Fv2%2Fmedia&parent=5"}],"curies":[{"name":"wp","href":"https:\/\/api.w.org\/{rel}","templated":true}]}}

Conheça a DAF

<p><strong><a href="https://i0.wp.com/daf.crp.ufv.br/wp-content/uploads/adminsitra%C3%A7%C3%A3o-financeira-1-e1394197296996.png?ssl=1"><img data-recalc-dims="1" loading="lazy" decoding="async" class="aligncenter size-medium wp-image-614" src="https://i0.wp.com/daf.crp.ufv.br/wp-content/uploads/adminsitra%C3%A7%C3%A3o-financeira-1-e1394197296996-300x105.png?resize=300%2C105&#038;ssl=1" alt="adminsitração financeira 1" width="300" height="105" /></a></strong></p>
<p><strong>APRESENTAÇÃO</strong></p>
<p>A Diretoria Administrativa Financeira – DAF, é um órgão vinculado à Diretoria Geral da UFV Campus Rio Paranaíba e tem sua estrutura, suas atribuições e seu funcionamento estabelecidos em Regimento. Tem por objetivos o planejamento, a organização, a direção e o controle de todas as atividades administrativas e financeiras do Campus, bem como, superintender e avaliar seus diversos órgãos e atividades.</p>
<p>&nbsp;</p>
<p><span style="color: #000000;"><b>DIRETOR ADMINISTRATIVO FINANCEIRO</b></span></p>
<p>| Telefone: 34 3855-9373 | E-mail:</p>
<p>&nbsp;</p>
<p><span style="color: #000000;"><b>ATRIBUIÇÕES DO DIRETOR ADMINISTRATIVO FINANCEIRO</b></span></p>
<p>I – Planejar, organizar, dirigir e controlar todas as atividades relacionadas com a sua Diretoria, bem como, superintender e avaliar seus diversos órgãos e atividades em consonância com as diretrizes do Campus Sede;</p>
<p>II – Supervisionar e coordenar a execução orçamentária, financeira e contábil e organizar anualmente a prestação de contas da Diretoria Geral do Campus;</p>
<p>III – Supervisionar a execução de ações que possibilitem a implantação, ampliação e conservação das áreas verdes e limpeza de parques e jardins;</p>
<p>IV – Coordenar e supervisionar as atividades relacionadas aos projetos e obras do Campus;</p>
<p>V – Supervisionar as ações de manutenção e recuperação das instalações físicas e expansão do Campus;</p>
<p>VI – Supervisionar as atividades relativas à administração de material do Campus;</p>
<p>VII – Coordenar e supervisionar as atividades de organização do cadastro de bens móveis e imóveis do Campus;</p>
<p>VIII – Acompanhar as atividades de planejamento, programas e projetos do Campus, em sua área de competência, prestar informações acadêmicas e administrativas solicitadas pelo Campus Sede, bem como, aos demais órgãos da administração do Campus;</p>
<p>IX – Supervisionar as atividades de gestão de pessoas, em consonância com a PGP;</p>
<p>X – Supervisionar as atividades relativas a transportes, vigilância e segurança patrimonial em consonância com a PAD;</p>
<p>XI – Supervisionar as atividades de assuntos comunitários, em consonância com a PCD;</p>
<p>XII – Desenvolver outras atividades delegadas pelo Diretor Geral do Campus.</p>

<p>APRESENTAÇÃO A Diretoria Administrativa Financeira – DAF, é um órgão vinculado à Diretoria Geral da UFV Campus Rio Paranaíba e tem sua estrutura, suas atribuições e seu funcionamento estabelecidos em Regimento. Tem por objetivos o planejamento, a organização, a direção e o controle de todas as atividades administrativas e financeiras do Campus, bem como, superintender [&hellip;]</p>
